git of (-2485)/(-25) + 12/m?
0
Suppose -701*z = -697*z - 172. What is the units digit of z?
3
Let g be 12*((-2)/(-4) + -1). Let i = -1 + g. Let c = i - -25. What is the units digit of c?
8
Let h = 269 - 136. What is the tens digit of h?
3
Let w(y) = y. Let l be w(-5). Let f(k) = -k**3 + k**2 + 1. Let z(g) = 4*g**3 + 2*g**2 - 8*g - 8. Let p(n) = 3*f(n) + z(n). What is the tens digit of p(l)?
3
Let u(s) = 4*s + 3. Let z = -1 - 7. Let a = z + 12. What is the tens digit of u(a)?
1
Let l(y) = -263*y + 21. What is the tens digit of l(-1)?
8
What is the thousands digit of 363630/165 + (-2)/(-11)?
2
Let k(t) = t**2 + 22*t - 169. What is the tens digit of k(18)?
5
Let p be ((-6)/8)/(4/(-16)). Suppose p*b = -b + 12. What is the units digit of (-24)/(-9) + (-2)/b?
2
Let g(o) = -6*o**3 + o**2 - o. Let q be g(1). Suppose 0*j = 6*j - 24. What is the tens digit of q*6/j*-3?
2
Let f be 40/6 + (-4)/6. What is the tens digit of ((-2)/f)/(6/18)*-133?
3
Let c(t) = 2*t**2 - 2*t + 37. Let d be c(-12). Suppose 0 = -4*i + d + 191. What is the hundreds digit of i?
1
Let n(o) = -o**2 + 11*o - 5. Let j be n(11). Let r(t) = -4*t + 11. What is the units digit of r(j)?
1
Let f = -68 + 71. What is the tens digit of (-1 + 13*6)*(f + -2)?
7
Let f(k) = -56*k + 687. What is the tens digit of f(-53)?
5
Let j = 3 - -23. Suppose -b + 4 + 7 = 0. Let c = j - b. What is the tens digit of c?
1
Let k(n) = n**2 - 2*n - 2. Let l = 4 + 3. Let t be k(l). Suppose 0 = 3*u - t - 63. What is the tens digit of u?
3
What is the hundreds digit of 235 - (-6 + 6)/2?
2
Let l be (2 - 4)*2/4. Let q(s) be the second derivative of 5*s**4/3 - 3*s. What is the tens digit of q(l)?
2
Let l(j) = -186*j - 35. What is the tens digit of l(-3)?
2
Suppose 829*s - 801 = 826*s. What is the units digit of s?
7
Suppose 18*q = 7*q + 6028. What is the units digit of q?
8
Suppose 408 = s + 5*s. Suppose 0 = -5*a + 7 + 13. What is the tens digit of s/6 + a/(-12)?
1
Let q(i) = i**2 - 7*i - 18. Let g be q(9). Suppose 20 = -5*r, g = -l + 5*l - 5*r - 180. What is the units digit of l?
0
What is the tens digit of (76/5)/(2/380)?
8
Let v be 1/(-1) + 6/2. Suppose -v*k - 4*u = -66, -2*u - 3*u = k - 18. What is the units digit of k?
3
Suppose -3*v - 10 = 2*v + 5*d, -5*d = -v - 2. Let h be (4 + -4)/(-4) - v. Suppose h*p = -p + 63. What is the units digit of p?
1
Let q be 6 + -2 + -3 + 2. Suppose h - 12 = 2*w, -5*h + 0*w + q*w + 39 = 0. What is the units digit of h?
6
Let d(q) = 1324*q**2 + 14*q - 26. What is the hundreds digit of d(2)?
2
Suppose -s + 16 = 3*s. Let w = 39 - 37. What is the units digit of (-14)/7 + s*w?
6
Suppose -3*r = -6, 0 = 3*c - 4*r - 11 - 1772. What is the tens digit of c?
9
Let m = -22 - -22. Let t(o) = -2*o + 13. Let g be t(m). Suppose -12*v - 19 = -g*v. What is the units digit of v?
9
Suppose -4*m + j = 13, 5*j + 13 = m + 2. Let d = m - -6. Let w(s) = 2*s**3 - 4*s**2 + 2*s + 2. What is the units digit of w(d)?
6
Let q = 66 - 97. Let a = -13 - q. What is the units digit of a?
8
Suppose 2*x = 5*x - 15. Let f be x*(-2)/(-3 + 1). Suppose f*g - 20 = -b, -2*g = -2*b + g + 66. What is the tens digit of b?
3
Suppose 0 = 4*i - 15*j + 10*j - 2069, i = 4*j + 531. What is the hundreds digit of i?
5
Suppose -44*k = -44054 + 13606. What is the hundreds digit of k?
6
Let v = 21 - 29. What is the units digit of 65 + 12/(v - -4)?
2
Let z = -24 + 67. Suppose -3*j + z + 26 = 0. What is the tens digit of j?
2
Let g(m) = 5*m + 26. What is the tens digit of g(14)?
9
Let s = -736 + 1331. What is the tens digit of s?
9
Suppose -b = -4*z - 10, -3*b + 0*z + 17 = z. Let r be 198 + (-3)/(9/b). Suppose -3*n + r = -5*c, -310 = -5*n + 3*c + 2*c. What is the tens digit of n?
5
Suppose -2 = 4*v - 6*v. Let o = v + 7. What is the units digit of o?
8
Let n = -19 + 25. Let k(l) = -l**3 + 7*l**2 - 4*l - 8. Let b be k(n). Suppose 83 = b*x - 65. What is the tens digit of x?
3
What is the thousands digit of -2 + 2120 - (21 - 12)?
2
Suppose 0 = -2*m + 3*i + 4165, 0 = -4*m - i + 2034 + 6289. What is the thousands digit of m?
2
What is the tens digit of ((0 + 2 + -1)*358)/2?
7
Let g(y) = 2*y - 2. Let z be g(11). Suppose -3*n - 8 = -z. Suppose 0 = -4*h, -n*f + 4*h + 26 = -3*f. What is the tens digit of f?
2
Let k(z) = -z**2 + 10*z - 10. Let j = -12 - -15. Let u be 9 - 5 - (0 - j). What is the units digit of k(u)?
1
Let o(z) = z**3 + 5*z**2 - 8. Let v be (-45)/(-6)*8/20. What is the tens digit of o(v)?
6
What is the units digit of 8 + (26 - (-6)/(-6))?
3
Let g = 2737 + -1607. What is the hundreds digit of g?
1
Let q = 39 - 28. Let p be (4/3 + -2)*3 + 57. Let l = p - q. What is the tens digit of l?
4
Let b(v) = v**2 + 7. Let z be b(-6). Let d = -28 + z. What is the units digit of (-6)/d - 192/(-5)?
8
Let b(h) = 6*h**2 - 7*h + 2. Let m be b(-8). Suppose -5*l = -2*a - 1098, -a - a = 2*l - m. What is the tens digit of l?
2
Let z be (-2)/(-12) + (-121821)/(-18). Let s(p) = -3*p**2 + 8*p + 9. Let o be s(5). What is the units digit of z/117 - 4/o?
8
Let x(d) = 288*d + 442. What is the hundreds digit of x(10)?
3
Let d be 4/6*(3 + -9). Let s(x) = -5*x**2 + 4*x - 7. Let v(c) = -14*c**2 + 11*c - 20. Let n(m) = -17*s(m) + 6*v(m). What is the tens digit of n(d)?
2
Suppose 6*b + 15 = 1023. What is the units digit of b?
8
Let f(o) = 274*o - 50. What is the hundreds digit of f(10)?
6
What is the tens digit of ((-5 - 2)/1)/((-83)/18758)?
8
Let d(s) = 97*s**2 + 1. Let x be d(-1). Suppose 3*a = -4*a + x. Let o = -7 + a. What is the units digit of o?
7
Let b = 2827 - 1990. What is the tens digit of b?
3
Suppose 0 = -54*u + 57*u - 81. What is the tens digit of u?
2
Suppose 13*k - 8*k - 35 = 0. Let u(m) = 0*m + k - 14*m**2 + m**3 + 2 - 4*m**2 + 3*m. What is the units digit of u(18)?
3
Let z = -889 - -2022. What is the hundreds digit of z?
1
Let b = -40 - -42. Suppose -b*d = 2, 0 = -5*m + 2*d + 15 + 2. What is the units digit of m?
3
Let x(z) = 250*z**2 + 6*z - 3. Let d be x(2). Suppose -2*h + d = 393. What is the units digit of 4/(-6) - h/(-21)?
4
What is the tens digit of (-9)/((-108)/(-8)) + 6279/9?
9
Suppose -2*f + 4046 + 2502 = 0. What is the thousands digit of f?
3
Let p(b) be the second derivative of b**4/2 - 13*b**3/2 + 6*b**2 - 49*b. What is the hundreds digit of p(9)?
1
Let o(h) = 12*h**2 - 13*h + 150. What is the hundreds digit of o(10)?
2
Let f(k) = -k**3 - 18*k**2 + 40*k + 3. Let a be f(-20). Suppose 4*l - 2*l - 17 = -a*z, 2*l = -5*z + 7. What is the units digit of l?
6
Suppose 374 = 4*b - 3*n, -4*b - n = -6*n - 370. Suppose 5*v - 364 = -4*q, -2*q + b = -v - 101. What is the tens digit of q?
9
Suppose 3*t - 3*w = 1860, -w + 289 = 3*t - 1579. What is the hundreds digit of t?
6
Suppose -190 = 2*s - 12*s. Suppose s*k + 939 = 5100. What is the hundreds digit of k?
2
Suppose -258*l + 8920 = -238*l. What is the tens digit of l?
4
Suppose -2*o = -10, -3*o + 851 = -14*g + 18*g. What is the tens digit of g?
0
What is the hundreds digit of (-4)/12*-55*15?
2
Let p be 14/(-161) + 1192/(-46). Let u = 4 - 7. What is the tens digit of u/3 - (-2 + p)?
2
Let n be (5 + -4)/((-2)/(-10)). Suppose -n*k = -4*b - 158, 6*b = b + 4*k - 193. Let a = b - -57. What is the tens digit of a?
2
Suppose 4*d = 3*d + 5. Let u(s) = -d - s + 15*s**2 + 0 - 1 + s**3. What is the units digit of u(-15)?
9
Suppose 29 = 3*j + 8. Suppose -3*i - 13 = 2*i + 3*n, i = -3*n + j. Let x = i + 19. What is the units digit of x?
4
Suppose -6*g + 5*g = 2*h - 2, h = 4*g + 19. Let s = 40 - g. What is the units digit of s?
4
Let y be 1/3 - (-25)/15. Suppose 6*x - y*x = 5*o - 234, -4*x - 34 = -o. Suppose o = 3*d - d. What is the tens digit of d?
2
Let b(o) = o**3 + 2*o**2 - 2*o + 1. Let q be b(1). What is the units digit of 4 + 94 - (q - 6)?
2
Let h = -270 - -464. What is the units digit of h/4 - (-10)/(-20)?
8
What is the hundreds digit of (16492/42)/((-2)/(-6))?
1
Let n be (-195)/(-2) + 15/(-10). Suppose -6*y + n = 12. What is the units digit of y?
4
Let x(l) = 2*l**3 - 2*l**2 - 3*l + 3. Let h be x(2). Suppose 0 = h*o - o - 2*t - 4, 2*t + 5 = 5*o. What is the tens digit of (16/1 - o) + -3?
1
Suppose 5*h + 192 + 63 = 0. Let i = h - -175. What is the hundreds digit of i?
1
Let x(p) = p**3 - 21*p**2 - p + 27. What is the tens digit of x(22)?
8
Let o(k) = 11*k**3 - 10*k**2 + 5*k + 2. What is the hundreds digit of o(5)